-3 - 11. Let m(n) = -n**3 - 13*n**2 + 15*n + 13. Let v be m(s). Let a be ((5/3)/v)/((-6)/756). Calculate the highest common divisor of a and 30.
30
Let n be 2621 - ((-10)/55 - -20*90/(-264)). What is the highest common factor of 36 and n?
36
Suppose 6063 = t + 2*x, -2*t - 2*x + 12156 = -3*x. Calculate the highest common divisor of t and 54.
27
Suppose -5*r - 76*r = -12636. What is the highest common divisor of r and 5187?
39
Suppose -5*m - 4*n + 32973 = 0, -19981 = -4*m - 4*n + 6391. Calculate the highest common divisor of 322 and m.
161
Let v = 295 - 295. Suppose v = -4*w - n + 34, -53*w + 47 = -48*w - n. Let i be (4 + -5)*(-19 + 1). Calculate the greatest common divisor of i and w.
9
Let v(x) = -5*x + 13. Let w(c) = -c - 1. Let a(g) = -v(g) + 2*w(g). Let p be a(11). Let k = p - 4. Calculate the highest common factor of k and 112.
14
Suppose 120*d = 93*d + 47586 + 17754. Calculate the highest common factor of d and 30.
10
Let o(y) = -y**2 - 49*y + 168. Let t be o(-52). What is the greatest common divisor of 1356 and t?
12
Suppose -3*n + n - 4*x = -10, 5*n + 2*x - 17 = 0. Let g = -38 - -40. What is the highest common factor of g and n?
1
Let k(p) = -3*p + 17. Let r(g) = -3*g + 15. Let f(u) = 6*k(u) - 5*r(u). Let t be f(6). What is the greatest common factor of t and 21?
3
Let l = 505 - -2. What is the greatest common divisor of l and 26?
13
Let c be ((-8)/(72/153))/((-1)/12). Calculate the greatest common factor of 612 and c.
204
Suppose -5*x + 36*x = 2*x + 89900. Calculate the greatest common factor of x and 744.
124
Let u be (-4 + -3)*(-4)/((-16)/(-60)). Suppose 2*p = 66 - 36. Calculate the highest common factor of u and p.
15
Suppose -13*v + 160 = 27*v. Suppose -2*d + 50 = 5*b, 5*d - v*b - 86 = 3*d. What is the highest common factor of d and 63?
7
Let z be (-9)/36*(-516 + -8). What is the highest common factor of 1048 and z?
131
Suppose 111*x - 103155 = 88*x. Calculate the greatest common factor of x and 1560.
195
Let s(x) = 9 - 5 - 11*x + 0*x - 2*x**2. Let y be s(-6). Let h be -3 - (-35 + (-2)/(-4)*y). What is the highest common factor of 22 and h?
11
Suppose 4*r - 150 - 790 = 0. Suppose 2*p + 4 = p, 5*x + 5*p - r = 0. What is the highest common divisor of x and 272?
17
Let f(q) = q**2 - 7*q + 9. Let u be f(4). Let h(s) = s**3 + s**2 - 14*s. Let j be h(u). Calculate the greatest common factor of j and 198.
6
Suppose 5*l + 4*d + 173 = 1197, -4*l - 3*d + 819 = 0. Suppose 3*a - 2*j = 78, 5*a - 53*j - 111 = -56*j. What is the greatest common divisor of a and l?
12
Let o(n) = -n**2 - 27*n - 75. Let r be o(-12). Calculate the greatest common divisor of 11235 and r.
105
Let k(s) = 22*s**3 + 14*s**2 - 4*s - 86. Let b be k(7). Calculate the highest common divisor of b and 198.
198
Let q be -2*(-2)/(-8)*-14. Let o = -42 + q. Let w = o - -49. What is the greatest common factor of w and 56?
14
Suppose 6*z - 137 = 163. Let l = -47 - -52. Suppose 0 = -4*k + 4, 0*s - 3*s = -l*k - 370. Calculate the highest common divisor of z and s.
25
Let w(s) = 2*s**2 + 49*s + 152. Let p be w(-21). Let u(k) = k**2 - 9*k + 26 + 4*k**2 - 2*k**2. Let f be u(p). Calculate the greatest common divisor of f and 8.
8
Let v(a) = -56*a**2 + 28 + a**3 + 15*a**2 + 22 + 7*a + 29*a**2. Let i be v(11). Calculate the highest common divisor of 54 and i.
6
Let b(l) = l**3 + 6*l**2 - 5*l - 3. Let z be b(2). Let a be z/190 - 39/(-10). Calculate the highest common divisor of a and 132.
4
Let a(r) = 17*r**2 + 29*r - 19. Let h be a(7). Let c = h + -969. What is the greatest common factor of c and 276?
12
Let w be (6/90*-5)/((-2)/12). Suppose 88 = y - w*o, 3*y + 15*o - 255 = 12*o. What is the highest common factor of 2 and y?
2
Let q be 2 - 5*5/5. Let g be (q - 0) + -1 - (11 + -92). What is the greatest common divisor of 35 and g?
7
Let j(q) = q + 29. Suppose -a - 4*a = -2*l - 113, 4*a - 4*l = 88. Let w be j(a). Calculate the highest common divisor of w and 26.
26
Let c = 103 + 175. Suppose -52 - c = -3*m - 5*f, 4*f = 3*m - 303. What is the highest common divisor of m and 70?
35
Suppose -11*x - 91 - 223 = -13*x. What is the highest common divisor of x and 157?
157
Let s be (-52)/(-234) - (-9853)/(-9)*-1. Let f = 3791 + -3776. What is the highest common factor of f and s?
15
Let v = 2115 - 1791. Calculate the greatest common divisor of 468 and v.
36
Let u = 10 + -6. Let x be 1 + (-144)/(-12) - 13. Suppose x = -u*t - 16, -4*i + 754 - 286 = 2*t. What is the greatest common factor of 17 and i?
17
Let y = -14508 - -14683. What is the highest common factor of 20 and y?
5
Let x = 3206 - 2954. What is the highest common divisor of 300 and x?
12
Let t = 12914 + -12868. Calculate the highest common divisor of t and 18170.
46
Suppose -16*z = -g + 4*g - 31392, 5*g - 1962 = -z. Calculate the highest common divisor of z and 18.
18
Let i(g) = -8*g**3 - 3*g**2 + 9*g - 30. Let u be i(-6). Calculate the highest common factor of 72 and u.
24
Suppose 160*g = 161*g - 4. Suppose 2*t = g*k - 12, 8 = t - 3*t. Suppose z = 3*z - 6. What is the greatest common divisor of z and k?
1
Let q(f) = 31*f - 6. Let k be q(-19). Let a be ((-6)/7)/(17/k). Suppose 3*p = 2*p + a. Calculate the highest common factor of p and 20.
10
Suppose 5*n - 50 = -3*l - 2*l, -4*l - 32 = -5*n. Suppose -67*g = -71*g + 28. Suppose -15*b = -n*b - g. Calculate the highest common factor of 1 and b.
1
Suppose -56*q + 3099 = -1269. Suppose -x + 3*a = -19, -4*x + 3*a - 29 = -q. Let d = 34 - -46. What is the highest common factor of d and x?
10
Suppose -k + 106 = 5*c, k + 3*c - 37 - 73 = 0. Suppose 5*j + 5*t - 295 = 0, -t + k = 2*j + 3*t. What is the greatest common factor of 20 and j?
20
Let d be 3 + -4 + 0 + 4. Suppose 0 = -k - d*k + 8. Let f be (-5 + 385/49)/(1/7). Calculate the highest common factor of f and k.
2
Let g(x) = -x**3 + x**2 - 3*x - 11. Let z(i) = -3*i**2 + 3*i + 4. Let n be z(-1). Let k be g(n). What is the highest common factor of k and 7?
7
Let y be 8/(-3)*(-84)/16. Let h(g) = 2*g**2 - 47*g - 361. Let a be h(-9). Calculate the highest common divisor of y and a.
14
Let d be (3 - (2 + 3))/(3/(-18)). Suppose 7*c = d*c - 90. What is the greatest common factor of c and 42?
6
Suppose 112 = 6*g - 2*g - 4*p, 0 = -g + 4*p + 25. Suppose s - g = 13. Calculate the greatest common factor of s and 98.
14
Let i = -11489 - -11765. What is the greatest common divisor of i and 3450?
138
Let g = -15251 - -15338. What is the greatest common divisor of 33 and g?
3
Let s = 1511 - 782. Let p = s + -717. Let i = -1 - -4. What is the highest common factor of i and p?
3
Let o be ((-3300)/18 + 6)*-6. Let y = o + -596. Calculate the highest common divisor of 26 and y.
26
Let h(w) = -w**3 + 10*w**2 - 6*w + 77. Let n be h(9). Suppose 111*r = 109*r + n. Let c(l) = 13*l. Let p be c(1). What is the greatest common divisor of r and p?
13
Let w be -37*(-6)/(48/376). Calculate the highest common divisor of 74 and w.
37
Let v be -10*4/(-24) + (-2)/(-6). Suppose v*x = a, -a - 2*x - 10 = -22. Suppose 3*d + a = 54. What is the highest common divisor of 48 and d?
16
Suppose -745*z - 43817 + 120088 = -80179. Let w be (0 + (-28 - 2))*-1. Calculate the greatest common divisor of w and z.
30
Let n = -48 - -47. Let r be ((-4)/2 + -3)*n. Suppose 2*f - r*j = 0, 0*j = 5*f + 4*j - 66. Calculate the greatest common factor of f and 15.
5
Let k be (55/594*18 + 28/(-6))*-26. What is the highest common divisor of 2301 and k?
39
Suppose l = 5*l - 44. Let y be (3/(-1))/(-2*(-18)/(-168)). Let w be (-164)/(-287) + 762/y. What is the greatest common factor of l and w?
11
Let w = 8913 - 8506. What is the greatest common divisor of w and 222?
37
Let p be 56 + (-14)/(-6) + (-2)/6. Let q = p - 111. Let y = q - -109. Calculate the greatest common divisor of y and 8.
8
Let v = 421 + -64. What is the greatest common divisor of v and 189?
21
Let x be 2*((-522)/4)/(-9). Suppose g + 2*u = -249, 2*g + 408 = -u - 78. Let i = 444 + g. What is the greatest common factor of i and x?
29
Suppose 0 = 12*n + 27 - 123. Suppose 25 = n*s - 87. What is the highest common divisor of 14 and s?
14
Suppose -3*w = -79 - 50. Let q = -35 + w. Suppose 5*a - 126 = -106. Calculate the greatest common factor of a and q.
4
Let d = -867 - -891. Calculate the greatest common divisor of d and 24.
24
Let z(d) = -d**2 - 13*d - 20